- 280 = 0. Let t be (-483)/f - 6/16. Give x(t).
3
Suppose 2*h + 2 + 8 = 0. Let z(w) = 8*w + 3. Let c(t) be the first derivative of 39*t**2/2 + 15*t + 13. Let s(n) = -5*c(n) + 24*z(n). Calculate s(h).
12
Let l(c) = -4*c - 6. Let g(j) = -12*j - 18. Let p(w) = 5*g(w) - 16*l(w). Suppose 141 + 27 = -24*z. Give p(z).
-22
Let u(c) = -c**3 - 5*c**2 - 6*c - 2. Suppose 2*n = -3*y + 21, y = n + 5*y - 18. Let t be (-52)/12 - (-2)/n. Determine u(t).
6
Let y(n) = 13*n - 5. Let g(v) = -2*v + 1. Let p(f) = 6*g(f) + y(f). Let w(i) = i. Let k be w(-3). Give p(k).
-2
Let b = -12 - -6. Let o(t) = -t. Let y(h) = 5. Let g(z) = b*o(z) - y(z). Let q be g(2). Let f(a) = a - 2. Calculate f(q).
5
Suppose -3*l + 3 = -4*z - 2, 4*z - l = 1. Let h(q) = 11*q**2 + 2*q - 1. What is h(z)?
12
Let v(i) be the second derivative of i**4/6 + 2*i**3/3 + 2*i**2 - 33*i + 1. Give v(-2).
4
Suppose 9*o = 2*o + 42. Let b(m) be the third derivative of -5/6*m**3 - 7/24*m**4 + 0 + 1/20*m**5 + 0*m + 6*m**2 + 1/120*m**o. What is b(-4)?
7
Let z(o) = o**2 + 9*o + 10. Let j be (108/(-45))/((-4)/(-60)*6). Determine z(j).
-8
Let d = 39 - -60. Suppose -6*h + 21 = -d. Let t = 16 - h. Let i(v) = -v**2 - 6*v - 6. What is i(t)?
2
Let w(x) = 4*x - 3*x - x**2 - 650*x**3 + 651*x**3. Suppose -2 = r + 2*v, 0*v - 3*v - 8 = -r. Give w(r).
6
Let y = 0 + 0. Let u(v) be the third derivative of -v**7/2520 + v**6/720 + v**5/24 - 7*v**4/8 + v**2. Let h(o) be the second derivative of u(o). What is h(y)?
5
Let s(x) = -x**2 + 4*x + 16. Let m be s(7). Let z(j) = 13*j - 10. Let l(v) = -15*v + 10. Let c(h) = m*z(h) - 4*l(h). Calculate c(7).
-25
Suppose s - h = -2*s - 23, -h - 33 = 5*s. Let j(i) = -i**3 - 7*i**2 - 6*i + 8. What is j(s)?
50
Let l be 3 + 4/(-2) + 1. Suppose l = -5*r + 47. Let s be 6/r + 17/(-3). Let f(k) = k**2 + 7*k + 7. Give f(s).
-3
Let s = -14701 - -14711. Let g(y) = -10*y**2 + y**3 + 2 - 2. Give g(s).
0
Let i(r) = -r**2 + r + 2. Let x be (-3 + 2)*-1*1. Suppose h - 5 = -x. Suppose h*b - 14 = g, -3*g + 3*b - 2 = 2*g. Give i(g).
0
Let c(a) = a**3 - a - 1. Let u(p) = 5*p**3 + 7*p**2 + 2*p - 9. Let y(s) = -4*c(s) + u(s). Let m(q) = 5*q - 10 + 9*q - 16*q. Let t be m(-2). Calculate y(t).
-5
Let a(p) = -2 + 2 + 11*p. Let m be (-67)/(-13) + 2*9/(-117). Suppose -2*s - m*d + 17 = 0, 4*s = -s - 2*d + 11. What is a(s)?
11
Suppose 0 = 26*p - 42*p - 73*p - 534. Let g(i) = -i + 6. Let j(k) = -k. Let z(l) = g(l) - 2*j(l). Give z(p).
0
Let x(p) = -3*p**2 - 2*p - 3. Let n(l) = l + 1. Let o(v) = 10*v**2 + 10*v + 15. Let t(b) = -5*n(b) + o(b). Let g(i) = 2*t(i) + 7*x(i). Calculate g(-3).
2
Let k(r) = -r + 2. Suppose 0 = -4*b + 18 + 6. Let a be 627/38*8/b. Let z be 48/a - (-4)/(-22). Give k(z).
0
Let v(j) = -j - 4. Let a = 2565 - 2570. Calculate v(a).
1
Let x(d) = -d**3 - 7*d**2 - 10. Suppose 3*i - 6 = -3*w, w - 2*i + i = -2. Suppose 3*z = -5*m - 0*z - 50, 4*m + 3*z + 43 = w. Give x(m).
-10
Suppose 81*u - 192 = 132. Let z(r) be the third derivative of 1/12*r**u - 10*r**2 + 0*r**3 + 0 + 0*r. Calculate z(1).
2
Let r = -2128 + 2133. Let s(h) = 4 + 3*h**3 + h**3 - 4*h**2 - 3*h**3 - 8*h. Give s(r).
-11
Let j(m) = -16*m - 1. Let q be (10 + -6)*(-2)/4. Give j(q).
31
Let f be ((-28)/6)/(21/9 + -3). Suppose -5*t + f = -a, -3*a + 3 = -t - 2*t. Let z(v) = 0 + 0 + v**2. Give z(a).
9
Suppose 6*p = 3*p - 3*p. Let x(f) = -f**3 - f**2 - f + 20. What is x(p)?
20
Let z be (432/(-720))/((-2)/10). Let q(g) be the second derivative of g**5/20 - g**4/4 - g**3/6 + 3*g**2/2 - 4*g. Calculate q(z).
0
Let c(a) be the third derivative of 14*a**2 + 1/6*a**3 - 1/2*a**4 + 0 + 0*a. Let x(n) = 2*n**3 + 2*n**2 + n. Let d be x(-1). Calculate c(d).
13
Let s be (-2)/(4/(-10)) - 1. Let l(m) = m + 3. Let c(o) = o + 2. Let i(w) = s*l(w) - 5*c(w). Let y be i(3). Let f(g) = 10*g**2. What is f(y)?
10
Let d(o) = o**3 + 5*o**2 - 12*o + 10. Let c be d(-7). Let j(k) be the first derivative of -k**3/3 - k**2/2 + 3*k + 2. What is j(c)?
-9
Let u(j) = j**2 - 4*j + 6. Let p(n) = -n + 4. Let l be p(0). What is u(l)?
6
Let s be (-380)/(-14) - 10/70. Let u be 87/27 + (-6)/s. Let x(m) = -1 + m + 5*m**u + 0*m**3 + m**2 + m**3 - 2*m. Determine x(-1).
-5
Let c(g) = g + 20. Let k(h) = h + 12. Let w(b) = 4*c(b) - 7*k(b). Determine w(-8).
20
Let y be (-9)/15 + ((-1404)/(-15))/6. Suppose -y = 5*w - 10*w. Let a(o) = o**2 + o + 2. What is a(w)?
14
Let c(t) = -t**3 + 4*t**2 + 7*t - 3. Suppose g = 3*o + 2, -22 = -3*o + 4*o + 5*g. Let s be -2 + 7/o*(0 + -2). Give c(s).
7
Let k(h) = -3*h**2 - 4*h**2 - 4 + 2 - h**3 - 2*h + 3*h**2. Suppose -4*z - 2 = 3*t - 9, 0 = -3*t + 4*z - 25. Calculate k(t).
-5
Suppose -4*l - 8 = -14*j + 10*j, -4*l + 3*j = 3. Let v(k) = 2*k**2 - 2*k + 6. Calculate v(l).
18
Let n(t) = t**2 + 5*t + 5. Let f be n(-5). Let w(a) = 0*a + a + 2 + 2*a - a - 3*a. Let q be w(f). Let j(y) = -y**2 - y + 3. What is j(q)?
-3
Let q(w) = w**2 - 7*w - 9. Let n(m) = -2*m**2 + 13*m + 17. Let r(u) = -3*n(u) - 7*q(u). Determine r(11).
1
Let o be (-52)/(-14) + ((-150)/(-35) - 4). Let m(s) = -25 - 34 + 56 - s + s**3 + o*s**2. Suppose 3 = -c - 1. What is m(c)?
1
Let b(x) = 80*x - 68. Let z be b(1). Let l(a) be the first derivative of z - 1/2*a**2 + 2*a. Give l(-2).
4
Let m(p) be the first derivative of -p**4/4 + 2*p**3 - 5*p**2/2 + 66. Give m(4).
12
Let v(h) = -8*h**3 + 9*h**3 - 6*h**3 + 13*h**2 - 4. Let r(y) = 4*y**3 - 12*y**2 - y + 3. Let z(u) = -6*r(u) - 5*v(u). Determine z(-6).
2
Let j(r) = -2*r**3 + 15*r**2 - 27*r + 4. Let h(a) = -a**3 + 8*a**2 - 15*a + 2. Let g(q) = 5*h(q) - 3*j(q). Suppose -3*x = -7 - 5. Calculate g(x).
6
Let f(y) = -13*y**2 - 21*y + 32. Let i(k) = -7*k**2 - 11*k + 17. Let a(b) = 6*f(b) - 11*i(b). Calculate a(-5).
5
Let o be 7*(12/(-14))/(-1). Let w(v) = -v**2 + 5*v + 7. Calculate w(o).
1
Let y(l) be the first derivative of -l**5/120 + 11*l**4/24 - 9*l**3 + 11. Let o(p) be the third derivative of y(p). Determine o(0).
11
Let i(y) = -7 + 138*y + 140*y - 562*y + 143*y + 143*y. Calculate i(3).
-1
Suppose -2*o + 22 = 5*l, 8 = 3*o - 5*o. Let m = -3 + l. Let v(q) be the first derivative of -q**3/3 + q**2/2 + 3*q - 2. What is v(m)?
-3
Let t(y) = y**2 + y + 1. Suppose 3*r + 2*d + 2 = -r, -4*r + 5*d + 19 = 0. Let b(g) = -4*g**2 - 4*g + 2. Let o(j) = r*b(j) + 3*t(j). What is o(-4)?
-7
Suppose 5*t - 17 = -77. Let g = 14 + t. Let n(o) = 0 + 2*o**g + 2*o - 3 + 2*o**3 - 5*o**2. What is n(2)?
5
Let a(g) = -5 + g**2 - 2*g**2 - g + 7*g. Suppose -63*y = -42*y - 84. Determine a(y).
3
Suppose 4*c = d - 1, -5*c = 2 - 7. Let r(a) = 4*a - 1. Let l(q) = 9*q - 1. Let x(k) = 2*l(k) - 5*r(k). Determine x(d).
-7
Let b = 2 + -1. Let g(i) = -10 + 17 - 2*i**2 - 8 + i - i. Determine g(b).
-3
Suppose -d - 10 + 4 = 0. Let f(c) = 4*c + 1. Let y(q) = -5*q - 1. Let i(j) = d*f(j) - 5*y(j). Let u = -4 - 2. Calculate i(u).
-7
Suppose -9*t - 33 = -6*t. Let q be (-53)/t + 4/22. Let o(u) = 2*u**3 - 3*u**3 + q - 5*u**2 + 0 + 1. Give o(-5).
6
Let d(h) = h**3 + 4*h**2 - 2*h + 7. Let p(x) = -x**2 + 6*x - 3. Let y be p(0). Give d(y).
22
Let f be (-21)/(63/(-30))*1. Let a(z) = z - 3. Determine a(f).
7
Let w(c) = -2 + 7 - c**2 - 2*c + 0*c + 0*c. Let q be w(-3). Suppose 0 = -q*y + 4. Let h(t) = 5*t - 3. Give h(y).
7
Let v(c) = -c**2 - c. Let i(n) = -n**3 - 11*n**2 - 5*n - 1. Let o(s) = i(s) - 5*v(s). Give o(-6).
-1
Let q = -52 - -67. Let c be q/9 - (-6)/(-9). Let f(g) = -13*g**3 + 2*g**2 - 1. Determine f(c).
-12
Suppose 5*k - 3*j = -84, 4*k - 5*j + 27 + 48 = 0. Let y(u) = u - 19. Give y(k).
-34
Let q(c) = -2*c**2 + 29*c + 9. Let s(b) = b**2 - 14*b - 5. Let d(n) = -3*q(n) - 7*s(n). What is d(11)?
8
Let d(x) be the third derivative of -x**4/8 + 5*x**3/6 - 9*x**2 - 19. Calculate d(-4).
17
Let j = 4 + -4. Suppose -4 = -5*x + 3*g - 1, j = -x - 5*g + 23. Suppose -2*u - 5 + x = 0. Let a(d) = -5*d**2. Calculate a(u).
-5
Let r(c) be the third derivative of c**6/120 - c**5/60 + c**4/24 + 3*c**3/2 - c**2 - 287*c. Let w = -2 + 2. Calculate r(w).
9
Suppose -4*v + 2*j - 13 = -9*v, 5*j = -2*v + 22. Suppose -z - v = -7. Let u(q) be the third derivative of q**5/60 - q**4/4 - 7*q**3/6 - q**2. Determine u(z).
-7
Let z be 14/3 - 8/12. Let s = 8 - z. Let o(b) = 8*b - 2. Let q(a) = -6*a + 1. Let x(u) = -2*o(u) - 3*q(u). Give x(s).
9
Suppose -16 = 6*r + 2. Let f(u) = 3*u + 10. Give f(r).
1
Let m(r) = 3 - 5 - r + 0 - r. Let s(z) = z**3 - 13*z*